{"id":8876,"date":"2023-02-15T12:47:14","date_gmt":"2023-02-15T16:47:14","guid":{"rendered":"https:\/\/mayoristamifantasy.cl\/?post_type=product&#038;p=8876"},"modified":"2023-02-15T12:47:16","modified_gmt":"2023-02-15T16:47:16","slug":"lapiz-fluor-tinta-3d","status":"publish","type":"product","link":"https:\/\/mayoristamifantasy.cl\/index.php\/producto\/lapiz-fluor-tinta-3d\/","title":{"rendered":"L\u00e1piz Fl\u00faor Tinta 3D"},"content":{"rendered":"","protected":false},"excerpt":{"rendered":"<p>L\u00e1piz Tinta Fluor 1.0&nbsp;<\/p>\n<p>Deja las letras con textura 3D<\/p>\n<p>Precio por unidad 1000 c\/u&nbsp;<\/p>\n<p>Cantidad m\u00ednima de compra 4 unid&nbsp;<\/p>\n","protected":false},"featured_media":8835,"template":"","meta":{"_acf_changed":false},"product_cat":[394,401],"product_tag":[],"class_list":{"0":"post-8876","1":"product","2":"type-product","3":"status-publish","4":"has-post-thumbnail","6":"product_cat-articulos-de-libreria","7":"product_cat-lapices-repuestos-y-gomas","9":"first","10":"instock","11":"shipping-taxable","12":"purchasable","13":"product-type-simple"},"acf":[],"aioseo_notices":[],"_links":{"self":[{"href":"https:\/\/mayoristamifantasy.cl\/index.php\/wp-json\/wp\/v2\/product\/8876","targetHints":{"allow":["GET"]}}],"collection":[{"href":"https:\/\/mayoristamifantasy.cl\/index.php\/wp-json\/wp\/v2\/product"}],"about":[{"href":"https:\/\/mayoristamifantasy.cl\/index.php\/wp-json\/wp\/v2\/types\/product"}],"wp:featuredmedia":[{"embeddable":true,"href":"https:\/\/mayoristamifantasy.cl\/index.php\/wp-json\/wp\/v2\/media\/8835"}],"wp:attachment":[{"href":"https:\/\/mayoristamifantasy.cl\/index.php\/wp-json\/wp\/v2\/media?parent=8876"}],"wp:term":[{"taxonomy":"product_cat","embeddable":true,"href":"https:\/\/mayoristamifantasy.cl\/index.php\/wp-json\/wp\/v2\/product_cat?post=8876"},{"taxonomy":"product_tag","embeddable":true,"href":"https:\/\/mayoristamifantasy.cl\/index.php\/wp-json\/wp\/v2\/product_tag?post=8876"}],"curies":[{"name":"wp","href":"https:\/\/api.w.org\/{rel}","templated":true}]}}