{"id":10984,"date":"2024-09-16T12:31:52","date_gmt":"2024-09-16T16:31:52","guid":{"rendered":"https:\/\/mayoristamifantasy.cl\/?post_type=product&#038;p=10984"},"modified":"2024-09-16T12:31:53","modified_gmt":"2024-09-16T16:31:53","slug":"binder-lomocard-tamano-mediano","status":"publish","type":"product","link":"https:\/\/mayoristamifantasy.cl\/index.php\/producto\/binder-lomocard-tamano-mediano\/","title":{"rendered":"Binder Lomocard tama\u00f1o mediano"},"content":{"rendered":"","protected":false},"excerpt":{"rendered":"<p>Binder para lomocard tama\u00f1o mediano ( NO PARA TAMA\u00d1O PHOTOCARD)<br \/>\nCantidad min de compra 4 unid<br \/>\nPrecio por unidad 2500 c\/u&nbsp;<\/p>\n","protected":false},"featured_media":10911,"template":"","meta":{"_acf_changed":false},"product_cat":[404],"product_tag":[],"class_list":{"0":"post-10984","1":"product","2":"type-product","3":"status-publish","4":"has-post-thumbnail","6":"product_cat-merchandising-k-pop","8":"first","9":"instock","10":"shipping-taxable","11":"purchasable","12":"product-type-simple"},"acf":[],"aioseo_notices":[],"_links":{"self":[{"href":"https:\/\/mayoristamifantasy.cl\/index.php\/wp-json\/wp\/v2\/product\/10984","targetHints":{"allow":["GET"]}}],"collection":[{"href":"https:\/\/mayoristamifantasy.cl\/index.php\/wp-json\/wp\/v2\/product"}],"about":[{"href":"https:\/\/mayoristamifantasy.cl\/index.php\/wp-json\/wp\/v2\/types\/product"}],"wp:featuredmedia":[{"embeddable":true,"href":"https:\/\/mayoristamifantasy.cl\/index.php\/wp-json\/wp\/v2\/media\/10911"}],"wp:attachment":[{"href":"https:\/\/mayoristamifantasy.cl\/index.php\/wp-json\/wp\/v2\/media?parent=10984"}],"wp:term":[{"taxonomy":"product_cat","embeddable":true,"href":"https:\/\/mayoristamifantasy.cl\/index.php\/wp-json\/wp\/v2\/product_cat?post=10984"},{"taxonomy":"product_tag","embeddable":true,"href":"https:\/\/mayoristamifantasy.cl\/index.php\/wp-json\/wp\/v2\/product_tag?post=10984"}],"curies":[{"name":"wp","href":"https:\/\/api.w.org\/{rel}","templated":true}]}}