{"id":1047,"date":"2019-08-09T22:23:35","date_gmt":"2019-08-10T02:23:35","guid":{"rendered":"https:\/\/designsa.cl\/?page_id=1047"},"modified":"2025-01-02T10:22:02","modified_gmt":"2025-01-02T14:22:02","slug":"contacto","status":"publish","type":"page","link":"https:\/\/mayoristamifantasy.cl\/index.php\/contacto\/","title":{"rendered":"Contacto"},"content":{"rendered":"<section class=\"l-section wpb_row height_small\"><div class=\"l-section-h i-cf\"><div class=\"g-cols vc_row via_grid cols_2 laptops-cols_inherit tablets-cols_inherit mobiles-cols_1 valign_top type_default stacking_default\"><div class=\"wpb_column vc_column_container\"><div class=\"vc_column-inner\">[vc_custom_heading text=\u00bbCONTACTO &#8211; NUESTRA UBICACI\u00d3N\u00bb use_theme_fonts=\u00bbyes\u00bb]<div class=\"w-separator size_small\"><\/div>[vc_raw_html]JTNDaWZyYW1lJTIwc3JjJTNEJTIyaHR0cHMlM0ElMkYlMkZ3d3cuZ29vZ2xlLmNvbSUyRm1hcHMlMkZlbWJlZCUzRnBiJTNEJTIxMW0xOCUyMTFtMTIlMjExbTMlMjExZDMzMjkuNzA2MzYxMjk4MDIyMyUyMTJkLTcwLjY0NjYyODU4NDgwMTE4JTIxM2QtMzMuNDMwODk5MDgwNzc5NTUlMjEybTMlMjExZjAlMjEyZjAlMjEzZjAlMjEzbTIlMjExaTEwMjQlMjEyaTc2OCUyMTRmMTMuMSUyMTNtMyUyMTFtMiUyMTFzMHg5NjYyYzU5NjMwZTAyMGE3JTI1M0EweDQ1ZmUwN2VjN2I1MGU4M2MlMjEyc0NhbGxlJTI1MjBQYXRyb25hdG8lMjUyMDI0OSUyNTJDJTI1MjBSZWNvbGV0YSUyNTJDJTI1MjBSZWdpJTI1QzMlMjVCM24lMjUyME1ldHJvcG9saXRhbmElMjE1ZTAlMjEzbTIlMjExc2VzJTIxMnNjbCUyMTR2MTYwMzcyODIxNzUyNiUyMTVtMiUyMTFzZXMlMjEyc2NsJTIyJTIwd2lkdGglM0QlMjI2MDAlMjIlMjBoZWlnaHQlM0QlMjI2MDAlMjIlMjBmcmFtZWJvcmRlciUzRCUyMjAlMjIlMjBzdHlsZSUzRCUyMmJvcmRlciUzQTAlM0IlMjIlMjBhbGxvd2Z1bGxzY3JlZW4lM0QlMjIlMjIlMjBhcmlhLWhpZGRlbiUzRCUyMmZhbHNlJTIyJTIwdGFiaW5kZXglM0QlMjIwJTIyJTNFJTNDJTJGaWZyYW1lJTNF[\/vc_raw_html]<\/div><\/div><div class=\"wpb_column vc_column_container\"><div class=\"vc_column-inner\"><div class=\"wpb_text_column\"><div class=\"wpb_wrapper\"><p>Por favor llene el siguiente formulario y nos comunicaremos con usted a la brevedad posible.<\/p>\n<\/div><\/div><div class=\"g-cols wpb_row us_custom_eb849559 via_grid cols_2 laptops-cols_inherit tablets-cols_inherit mobiles-cols_1 valign_top type_default stacking_default\" style=\"--gap:3rem;\"><div class=\"wpb_column vc_column_container\"><div class=\"vc_column-inner\"><div class=\"w-text icon_atleft\"><a href=\"tel:56227373292\" class=\"w-text-h\"><i class=\"material-icons\">phone_iphone<\/i><span class=\"w-text-value\">+56 2 2737 3292<\/span><\/a><\/div><\/div><\/div><div class=\"wpb_column vc_column_container\"><div class=\"vc_column-inner\"><div class=\"w-text icon_atleft\"><a href=\"mailto:mifantasyventas@gmail.com\" class=\"w-text-h\"><i class=\"material-icons\">mail<\/i><span class=\"w-text-value\">mifantasyventas@gmail.com<\/span><\/a><\/div><\/div><\/div><\/div><div class=\"w-separator size_custom\" style=\"height:40px\"><\/div><div class=\"wpb_text_column\" id=\"contacto\"><div class=\"wpb_wrapper\">\n<div class=\"wpcf7 no-js\" id=\"wpcf7-f405-o1\" lang=\"es-ES\" dir=\"ltr\" data-wpcf7-id=\"405\">\n<div class=\"screen-reader-response\"><p role=\"status\" aria-live=\"polite\" aria-atomic=\"true\"><\/p> <ul><\/ul><\/div>\n<form action=\"\/index.php\/wp-json\/wp\/v2\/pages\/1047#wpcf7-f405-o1\" method=\"post\" class=\"wpcf7-form init\" aria-label=\"Formulario de contacto\" novalidate=\"novalidate\" data-status=\"init\">\n<div style=\"display: none;\">\n<input type=\"hidden\" name=\"_wpcf7\" value=\"405\" \/>\n<input type=\"hidden\" name=\"_wpcf7_version\" value=\"6.0.2\" \/>\n<input type=\"hidden\" name=\"_wpcf7_locale\" value=\"es_ES\" \/>\n<input type=\"hidden\" name=\"_wpcf7_unit_tag\" value=\"wpcf7-f405-o1\" \/>\n<input type=\"hidden\" name=\"_wpcf7_container_post\" value=\"0\" \/>\n<input type=\"hidden\" name=\"_wpcf7_posted_data_hash\" value=\"\" \/>\n<input type=\"hidden\" name=\"_wpcf7_recaptcha_response\" value=\"\" \/>\n<\/div>\n<div style=\"float:left; padding-right:10px; margin-bottom:10px; width:50%;\">\n\t<p> Tu nombre*<br \/>\n<span class=\"wpcf7-form-control-wrap\" data-name=\"nombre\"><input size=\"40\" maxlength=\"400\" class=\"wpcf7-form-control wpcf7-text wpcf7-validates-as-required\" aria-required=\"true\" aria-invalid=\"false\" value=\"\" type=\"text\" name=\"nombre\" \/><\/span>\n\t<\/p>\n<\/div>\n<div style=\"float:left; padding-left:10px; width:50%; margin-bottom:10px;\">\n\t<p> RUT*<br \/>\n<span class=\"wpcf7-form-control-wrap\" data-name=\"rut\"><input size=\"40\" maxlength=\"400\" class=\"wpcf7-form-control wpcf7-text wpcf7-validates-as-required\" aria-required=\"true\" aria-invalid=\"false\" value=\"\" type=\"text\" name=\"rut\" \/><\/span>\n\t<\/p>\n<\/div>\n<div style=\"float:left; padding-right:10px; width:50%; margin-bottom:10px;\">\n\t<p> E-mail*<br \/>\n<span class=\"wpcf7-form-control-wrap\" data-name=\"email\"><input size=\"40\" maxlength=\"400\" class=\"wpcf7-form-control wpcf7-email wpcf7-validates-as-required wpcf7-text wpcf7-validates-as-email\" aria-required=\"true\" aria-invalid=\"false\" value=\"\" type=\"email\" name=\"email\" \/><\/span>\n\t<\/p>\n<\/div>\n<div style=\"float:left; padding-left:10px; width:50%; margin-bottom:10px;\">\n\t<p> Tel\u00e9fono*<br \/>\n<span class=\"wpcf7-form-control-wrap\" data-name=\"fono\"><input size=\"40\" maxlength=\"400\" class=\"wpcf7-form-control wpcf7-tel wpcf7-validates-as-required wpcf7-text wpcf7-validates-as-tel\" aria-required=\"true\" aria-invalid=\"false\" value=\"\" type=\"tel\" name=\"fono\" \/><\/span>\n\t<\/p>\n<\/div>\n<p><label>Regi\u00f3n* <span class=\"wpcf7-form-control-wrap\" data-name=\"region\"><select class=\"wpcf7-form-control wpcf7-select wpcf7-validates-as-required\" aria-required=\"true\" aria-invalid=\"false\" name=\"region\"><option value=\"\">&#8212;Por favor, elige una opci\u00f3n&#8212;<\/option><option value=\"Metropolitana de Santiago\">Metropolitana de Santiago<\/option><option value=\"Tarapac\u00e1\">Tarapac\u00e1<\/option><option value=\"Antofagasta\">Antofagasta<\/option><option value=\"Atacama\">Atacama<\/option><option value=\"Coquimbo\">Coquimbo<\/option><option value=\"Valparaiso\">Valparaiso<\/option><option value=\"Libertador Bernardo O&#039;higgins\">Libertador Bernardo O&#039;higgins<\/option><option value=\"Maule\">Maule<\/option><option value=\"Consepci\u00f3n\">Consepci\u00f3n<\/option><option value=\"Araucan\u00eda\">Araucan\u00eda<\/option><option value=\"Los Lagos\">Los Lagos<\/option><option value=\"Aysen\">Aysen<\/option><option value=\"Magallanes y Antartica Chilena\">Magallanes y Antartica Chilena<\/option><option value=\"Los R\u00edos\">Los R\u00edos<\/option><option value=\"Arica\">Arica<\/option><option value=\"\u00d1uble\">\u00d1uble<\/option><\/select><\/span><\/label>\n<\/p>\n<p> Tu mensaje<br \/>\n<span class=\"wpcf7-form-control-wrap\" data-name=\"mensaje\"><textarea cols=\"40\" rows=\"10\" maxlength=\"2000\" class=\"wpcf7-form-control wpcf7-textarea\" aria-invalid=\"false\" name=\"mensaje\"><\/textarea><\/span>\n<\/p>\n\n<p><input class=\"wpcf7-form-control wpcf7-submit has-spinner\" type=\"submit\" value=\"Enviar\" \/>\n<\/p><div class=\"wpcf7-response-output\" aria-hidden=\"true\"><\/div>\n<\/form>\n<\/div>\n\n<\/div><\/div><\/div><\/div><\/div><\/div><\/section>\n","protected":false},"excerpt":{"rendered":"[vc_custom_heading text=\"CONTACTO - NUESTRA UBICACI\u00d3N\" use_theme_fonts=\"yes\"][vc_raw_html]JTNDaWZyYW1lJTIwc3JjJTNEJTIyaHR0cHMlM0ElMkYlMkZ3d3cuZ29vZ2xlLmNvbSUyRm1hcHMlMkZlbWJlZCUzRnBiJTNEJTIxMW0xOCUyMTFtMTIlMjExbTMlMjExZDMzMjkuNzA2MzYxMjk4MDIyMyUyMTJkLTcwLjY0NjYyODU4NDgwMTE4JTIxM2QtMzMuNDMwODk5MDgwNzc5NTUlMjEybTMlMjExZjAlMjEyZjAlMjEzZjAlMjEzbTIlMjExaTEwMjQlMjEyaTc2OCUyMTRmMTMuMSUyMTNtMyUyMTFtMiUyMTFzMHg5NjYyYzU5NjMwZTAyMGE3JTI1M0EweDQ1ZmUwN2VjN2I1MGU4M2MlMjEyc0NhbGxlJTI1MjBQYXRyb25hdG8lMjUyMDI0OSUyNTJDJTI1MjBSZWNvbGV0YSUyNTJDJTI1MjBSZWdpJTI1QzMlMjVCM24lMjUyME1ldHJvcG9saXRhbmElMjE1ZTAlMjEzbTIlMjExc2VzJTIxMnNjbCUyMTR2MTYwMzcyODIxNzUyNiUyMTVtMiUyMTFzZXMlMjEyc2NsJTIyJTIwd2lkdGglM0QlMjI2MDAlMjIlMjBoZWlnaHQlM0QlMjI2MDAlMjIlMjBmcmFtZWJvcmRlciUzRCUyMjAlMjIlMjBzdHlsZSUzRCUyMmJvcmRlciUzQTAlM0IlMjIlMjBhbGxvd2Z1bGxzY3JlZW4lM0QlMjIlMjIlMjBhcmlhLWhpZGRlbiUzRCUyMmZhbHNlJTIyJTIwdGFiaW5kZXglM0QlMjIwJTIyJTNFJTNDJTJGaWZyYW1lJTNF[\/vc_raw_html]Por favor llene el siguiente formulario y nos comunicaremos con usted a la brevedad posible. phone_iphone+56 2 2737 3292mailmifantasyventas@gmail.com Tu nombre* RUT* E-mail* Tel\u00e9fono* Regi\u00f3n* &#8212;Por favor, elige una opci\u00f3n&#8212;Metropolitana de SantiagoTarapac\u00e1AntofagastaAtacamaCoquimboValparaisoLibertador Bernardo O&#039;higginsMauleConsepci\u00f3nAraucan\u00edaLos LagosAysenMagallanes y Antartica ChilenaLos R\u00edosArica\u00d1uble Tu mensaje","protected":false},"author":3,"featured_media":0,"parent":0,"menu_order":0,"comment_status":"closed","ping_status":"closed","template":"","meta":{"_acf_changed":false,"footnotes":""},"class_list":["post-1047","page","type-page","status-publish","hentry"],"acf":[],"aioseo_notices":[],"_links":{"self":[{"href":"https:\/\/mayoristamifantasy.cl\/index.php\/wp-json\/wp\/v2\/pages\/1047","targetHints":{"allow":["GET"]}}],"collection":[{"href":"https:\/\/mayoristamifantasy.cl\/index.php\/wp-json\/wp\/v2\/pages"}],"about":[{"href":"https:\/\/mayoristamifantasy.cl\/index.php\/wp-json\/wp\/v2\/types\/page"}],"author":[{"embeddable":true,"href":"https:\/\/mayoristamifantasy.cl\/index.php\/wp-json\/wp\/v2\/users\/3"}],"replies":[{"embeddable":true,"href":"https:\/\/mayoristamifantasy.cl\/index.php\/wp-json\/wp\/v2\/comments?post=1047"}],"version-history":[{"count":8,"href":"https:\/\/mayoristamifantasy.cl\/index.php\/wp-json\/wp\/v2\/pages\/1047\/revisions"}],"predecessor-version":[{"id":11219,"href":"https:\/\/mayoristamifantasy.cl\/index.php\/wp-json\/wp\/v2\/pages\/1047\/revisions\/11219"}],"wp:attachment":[{"href":"https:\/\/mayoristamifantasy.cl\/index.php\/wp-json\/wp\/v2\/media?parent=1047"}],"curies":[{"name":"wp","href":"https:\/\/api.w.org\/{rel}","templated":true}]}}